What is the hundreds digit of 9103337?
3
What is the hundreds digit of 17223809?
8
What is the hundreds digit of 5479394?
3
What is the millions digit of 1446907?
1
What is the thousands digit of 1152858?
2
What is the hundreds digit of 710157?
1
What is the tens digit of 615585?
8
What is the units digit of 314437?
7
What is the hundreds digit of 24318811?
8
What is the units digit of 1331631?
1
What is the hundred thousands digit of 398592?
3
What is the ten thousands digit of 9456975?
5
What is the hundreds digit of 1414639?
6
What is the thousands digit of 227780?
7
What is the tens digit of 361680?
8
What is the hundred thousands digit of 2017247?
0
What is the thousands digit of 3454?
3
What is the units digit of 43208379?
9
What is the thousands digit of 178422?
8
What is the hundreds digit of 6154808?
8
What is the hundred thousands digit of 8895163?
8
What is the millions digit of 8789561?
8
What is the tens digit of 3795364?
6
What is the hundred thousands digit of 120946?
1
What is the units digit of 1977118?
8
What is the units digit of 12401083?
3
What is the units digit of 817846?
6
What is the hundreds digit of 21295?
2
What is the hundred thousands digit of 1534761?
5
What is the millions digit of 1973707?
1
What is the hundreds digit of 7403530?
5
What is the hundreds digit of 4139?
1
What is the hundred thousands digit of 875828?
8
What is the hundreds digit of 4744?
7
What is the hundred thousands digit of 402736?
4
What is the units digit of 2764355?
5
What is the millions digit of 17118562?
7
What is the ten thousands digit of 266775?
6
What is the ten thousands digit of 223873?
2
What is the units digit of 10277403?
3
What is the millions digit of 1092570?
1
What is the hundreds digit of 16172443?
4
What is the hundreds digit of 282494?
4
What is the ten thousands digit of 326060?
2
What is the hundreds digit of 2917553?
5
What is the ten thousands digit of 176610?
7
What is the units digit of 323926?
6
What is the hundred thousands digit of 360933?
3
What is the ten thousands digit of 184513?
8
What is the ten millions digit of 10878619?
1
What is the ten thousands digit of 2911771?
1
What is the tens digit of 106557?
5
What is the thousands digit of 243300?
3
What is the hundreds digit of 958892?
8
What is the tens digit of 11239142?
4
What is the thousands digit of 185590?
5
What is the tens digit of 1415376?
7
What is the ten thousands digit of 38657?
3
What is the thousands digit of 208812?
8
What is the millions digit of 9257521?
9
What is the thousands digit of 275380?
5
What is the millions digit of 1276204?
1
What is the ten thousands digit of 1775873?
7
What is the units digit of 24638?
8
What is the hundreds digit of 1726623?
6
What is the hundreds digit of 2232821?
8
What is the units digit of 4798505?
5
What is the tens digit of 2674212?
1
What is the units digit of 528116?
6
What is the hundred thousands digit of 1125007?
1
What is the tens digit of 20718?
1
What is the tens digit of 4309707?
0
What is the hundreds digit of 404527?
5
What is the ten thousands digit of 1423641?
2
What is the units digit of 948687?
7
What is the millions digit of 4025161?
4
What is the tens digit of 447696?
9
What is the hundreds digit of 2795518?
5
What is the hundred thousands digit of 309499?
3
What is the ten thousands digit of 13598?
1
What is the units digit of 3186?
6
What is the units digit of 16839770?
0
What is the millions digit of 2894496?
2
What is the hundreds digit of 2641365?
3
What is the hundred thousands digit of 901032?
9
What is the tens digit of 259557?
5
What is the ten thousands digit of 229841?
2
What is the millions digit of 8954253?
8
What is the millions digit of 3815199?
3
What is the units digit of 3169027?
7
What is the ten thousands digit of 422863?
2
What is the hundreds digit of 8360690?
6
What is the units digit of 1185665?
5
What is the thousands digit of 204808?
4
What is the units digit of 4405897?
7
What is the units digit of 194125?
5
What is the tens digit of 390465?
6
What is the hundred thousands digit of 11752228?
7
What is the hundred thousands digit of 602940?
6
What is the units digit of 6132032?
2
What is the millions digit of 28903021?
8
What is the hundred thousands digit of 5859963?
8
What is the millions digit of 5718848?
5
What is the ten thousands digit of 1858617?
5
What is the hundreds digit of 947015?
0
What is the hundred thousands digit of 14312273?
3
What is the thousands digit of 8908314?
8
What is the units digit of 349901?
1
What is the hundred thousands digit of 119624?
1
What is the thousands digit of 96919?
6
What is the tens digit of 24020463?
6
What is the hundreds digit of 1907661?
6
What is the hundred thousands digit of 12808180?
8
What is the hundred thousands digit of 120715?
1
What is the ten thousands digit of 72719?
7
What is the units digit of 2994409?
9
What is the ten thousands digit of 185092?
8
What is the hundreds digit of 2326542?
5
What is the hundred thousands digit of 148019?
1
What is the ten millions digit of 10564745?
1
What is the units digit of 492210?
0
What is the hundreds digit of 19224?
2
What is the ten thousands digit of 595450?
9
What is the tens digit of 341144?
4
What is the thousands digit of 113980?
3
What is the thousands digit of 3550819?
0
What is the ten thousands digit of 8379962?
7
What is the thousands digit of 1693674?
3
What is the units digit of 8601795?
5
What is the millions digit of 4595726?
4
What is the millions digit of 6416378?
6
What is the units digit of 518686?
6
What is the ten thousands digit of 613395?
1
What is the hundred thousands digit of 4858370?
8
What is the tens digit of 11019935?
3
What is the hundreds digit of 474620?
6
What is the ten thousands digit of 379819?
7
What is the tens digit of 2492?
9
What is the units digit of 3424990?
0
What is the units digit of 178359?
9
What is the units digit of 6105543?
3
What is the hundred thousands digit of 10023603?
0
What is the ten thousands digit of 128533?
2
What is the units digit of 40347273?
3
What is the hundreds digit of 238499?
4
What is the ten thousands digit of 551813?
5
What is the hundred thousands digit of 183254?
1
What is the hundreds digit of 1755646?
6
What is the millions digit of 12900310?
2
What is the units digit of 5654761?
1
What is the tens digit of 86975?
7
What is the thousands digit of 1251398?
1
What is the units digit of 12179243?
3
What is the ten thousands digit of 155048?
5
What is the hundreds digit of 929879?
8
What is the hundred thousands digit of 516993?
5
What is the ten thousands digit of 2325330?
2
What is the thousands digit of 234103?
4
What is the ten thousands digit of 533494?
3
What is the ten thousands digit of 8227907?
2
What is the millions digit of 15695801?
5
What is the ten thousands digit of 94127?
9
What is the hundred thousands digit of 537966?
5
What is the ten thousands digit of 14552064?
5
What is the tens digit of 800649?
4
What is the ten thousands digit of 100857?
0
What is the hundred thousands digit of 450472?
4
What is the tens digit of 1045299?
9
What is the units digit of 1626003?
3
What is the tens digit of 31915892?
9
What is the thousands digit of 18352?
8
What is the ten thousands digit of 3750776?
5
What is the ten thousands digit of 198265?
9
What is the hundred thousands digit of 5030086?
0
What is the tens digit of 70455?
5
What is the thousands digit of 1807550?
7
What is the thousands digit of 723026?
3
What is the hundreds digit of 394611?
6
What is the hundreds digit of 7686262?
2
What is the units digit of 1758287?
7
What is the hundreds digit of 196109?
1
What is the hundred thousands digit of 319315?
3
What is the ten thousands digit of 68057?
6
What is the hundreds digit of 10926?
9
What is the thousands digit of 215045?
5
What is the hundreds digit of 43781?
7
What is the units digit of 64897?
7
What is the tens digit of 1520676?
7
What is the tens digit of 9249073?
7
What is the hundreds digit of 956935?
9
What is the hundred thousands digit of 3327952?
3
What is the millions digit of 1224598?
1
What is the units digit of 343564?
4
What is the units digit of 116044?
4
What is the thousands digit of 129366?
9
What is the hundreds digit of 571798?
7
What is the thous